{"id":248009,"date":"2019-06-29T09:39:41","date_gmt":"2019-06-29T07:39:41","guid":{"rendered":"https:\/\/gyemantekszer.com\/termek\/nardelli-bona-ametiszt-gyemant-gyuru\/"},"modified":"2025-11-01T09:28:17","modified_gmt":"2025-11-01T08:28:17","slug":"nardelli-bona-ametiszt-gyemant-gyuru","status":"publish","type":"product","link":"https:\/\/gyemantekszer.com\/en\/product\/nardelli-bona-ametiszt-gyemant-gyuru\/","title":{"rendered":"Nardelli Bona Ametiszt-Gy\u00e9m\u00e1nt Gy\u0171r\u0171"},"content":{"rendered":"","protected":false},"excerpt":{"rendered":"<p><span data-sheets-value=\"{&quot;1&quot;:2,&quot;2&quot;:&quot;A ros\u00e9 arany kedvel\u0151inek k\u00e9sz\u00fclt, finoman kirakott feh\u00e9r csillog\u00f3 gy\u00e9m\u00e1ntokkal, egy hatalmas Ametiszt dr\u00e1gak\u0151vel p\u00e1ros\u00edtva ez az eljegyz\u00e9si gy\u0171r\u0171, mely a n\u0151i sz\u00e9ps\u00e9g visszt\u00fckr\u00f6z\u0151d\u00e9se. B\u00e1tran aj\u00e1nljuk ezt a k\u00fcl\u00f6nleges gy\u00e9m\u00e1nt \u00e9kszert a nagy pillanatra.&quot;}\" data-sheets-userformat=\"{&quot;2&quot;:14851,&quot;3&quot;:{&quot;1&quot;:0},&quot;4&quot;:[null,2,16777215],&quot;12&quot;:0,&quot;14&quot;:[null,2,0],&quot;15&quot;:&quot;Calibri&quot;,&quot;16&quot;:11}\">A ros\u00e9 arany kedvel\u0151inek k\u00e9sz\u00fclt, finoman kirakott feh\u00e9r csillog\u00f3 gy\u00e9m\u00e1ntokkal, egy hatalmas Ametiszt dr\u00e1gak\u0151vel p\u00e1ros\u00edtva ez az eljegyz\u00e9si gy\u0171r\u0171, mely a n\u0151i sz\u00e9ps\u00e9g visszat\u00fckr\u00f6z\u0151d\u00e9se. B\u00e1tran aj\u00e1nljuk ezt a k\u00fcl\u00f6nleges gy\u00e9m\u00e1nt \u00e9kszert a nagy pillanatra.<\/span><\/p>\n","protected":false},"featured_media":249969,"comment_status":"open","ping_status":"closed","template":"","meta":{"_acf_changed":false},"product_brand":[],"product_cat":[1917],"product_tag":[135,1310,140,133,1306],"class_list":{"0":"post-248009","1":"product","2":"type-product","3":"status-publish","4":"has-post-thumbnail","6":"product_cat-gyuru","7":"product_tag-eljegyzes","8":"product_tag-feher-gyemant","9":"product_tag-meretezheto","10":"product_tag-noi","11":"product_tag-roze-arany","12":"pa_kollekcio-exkluziv-ekszerek","13":"pa_marka-nardelli","14":"pa_meret-156","15":"pa_otvozet-finomsaga-143","16":"pa_suly-29-gr","18":"first","19":"onrequest","20":"taxable","21":"shipping-taxable","22":"product-type-simple"},"acf":[],"_links":{"self":[{"href":"https:\/\/gyemantekszer.com\/en\/wp-json\/wp\/v2\/product\/248009","targetHints":{"allow":["GET"]}}],"collection":[{"href":"https:\/\/gyemantekszer.com\/en\/wp-json\/wp\/v2\/product"}],"about":[{"href":"https:\/\/gyemantekszer.com\/en\/wp-json\/wp\/v2\/types\/product"}],"replies":[{"embeddable":true,"href":"https:\/\/gyemantekszer.com\/en\/wp-json\/wp\/v2\/comments?post=248009"}],"wp:featuredmedia":[{"embeddable":true,"href":"https:\/\/gyemantekszer.com\/en\/wp-json\/wp\/v2\/media\/249969"}],"wp:attachment":[{"href":"https:\/\/gyemantekszer.com\/en\/wp-json\/wp\/v2\/media?parent=248009"}],"wp:term":[{"taxonomy":"product_brand","embeddable":true,"href":"https:\/\/gyemantekszer.com\/en\/wp-json\/wp\/v2\/product_brand?post=248009"},{"taxonomy":"product_cat","embeddable":true,"href":"https:\/\/gyemantekszer.com\/en\/wp-json\/wp\/v2\/product_cat?post=248009"},{"taxonomy":"product_tag","embeddable":true,"href":"https:\/\/gyemantekszer.com\/en\/wp-json\/wp\/v2\/product_tag?post=248009"}],"curies":[{"name":"wp","href":"https:\/\/api.w.org\/{rel}","templated":true}]}}

Nardelli Bona Ametiszt-Gyémánt Gyűrű

<p><span data-sheets-value="{&quot;1&quot;:2,&quot;2&quot;:&quot;A rosé arany kedvelőinek készült, finoman kirakott fehér csillogó gyémántokkal, egy hatalmas Ametiszt drágakővel párosítva ez az eljegyzési gyűrű, mely a női szépség vissztükröződése. Bátran ajánljuk ezt a különleges gyémánt ékszert a nagy pillanatra.&quot;}" data-sheets-userformat="{&quot;2&quot;:14851,&quot;3&quot;:{&quot;1&quot;:0},&quot;4&quot;:[null,2,16777215],&quot;12&quot;:0,&quot;14&quot;:[null,2,0],&quot;15&quot;:&quot;Calibri&quot;,&quot;16&quot;:11}">A rosé arany kedvelőinek készült, finoman kirakott fehér csillogó gyémántokkal, egy hatalmas Ametiszt drágakővel párosítva ez az eljegyzési gyűrű, mely a női szépség visszatükröződése. Bátran ajánljuk ezt a különleges gyémánt ékszert a nagy pillanatra.</span></p>
